{"id":216,"date":"2015-04-15T19:16:55","date_gmt":"2015-04-15T17:16:55","guid":{"rendered":"http:\/\/genser-reisen.at\/wp-genser\/?page_id=216"},"modified":"2015-04-24T19:56:02","modified_gmt":"2015-04-24T17:56:02","slug":"reisebedingungen","status":"publish","type":"page","link":"https:\/\/genser-reisen.at\/wp-genser\/reisebedingungen\/","title":{"rendered":"Storno- und Reiseversicherung, Reisebedingungen"},"content":{"rendered":"<p>Link zu <a title=\"Europ\u00e4ische Reiseversicherung\" href=\"http:\/\/www.europaeische.at\/\" target=\"_blank\">Europ\u00e4ische Reiseversicherung<\/a><\/p>\n<h3>Reiseb\u00fcro Sicherungsverordnung RSV<\/h3>\n<p>Kundengeldabsicherung gem\u00e4\u00df EU-Pauschalreiserechtlinie\u00a0vom 13. Juni 1990 (90\/314\/EWG, Artikel 7) im\u00a0\u00f6sterreichischen Recht gem\u00e4\u00df Reiseb\u00fcrosicherungsverordnung\u00a0BGBL. II Nr. 316\/1999 in der jeweils g\u00fcltigen<br \/>\nFassung umgesetzt.<\/p>\n<h3>Veranstalter<\/h3>\n<p>1.) Genser\u00a0Reisen GmbH, Ringstrasse\u00a028, A-8344\u00a0Bad Gleichenberg, Eintragungsnr: 2013\u00a00022 im Veranstaltungsverzeichnis des Bundesministerium f\u00fcr Wirtschaft, Familie und Jugend. Gem\u00e4\u00df Reiseb\u00fcroversicherung (RSV) sind Kundengelder bei Pauschalreisen des Veranstalters Genser\u00a0Reisen GmbH unter folgender Vorausssetzung abgesichert. Die Anzahlung erfolgt fr\u00fchestens elf Monate vor dem vereinbarten Ende der Reise und betr\u00e4gt 10% vor Reiseantritt \u2013 Zug um Zug gegen Aush\u00e4ndigung der Reiseunterlagen an den Reisenden. Dar\u00fcber hinausgehende oder vorzeitige Leistungen d\u00fcrfen nicht gefordert werden und sind auch nicht abgesichert. Garant ist die Raiffeisenbank Feldbach &#8211; Bad Gleichenberg &#8211; Gnas, Hauptplatz 18,\u00a08330 Feldbach.<\/p>\n<p>Abwickler gem\u00e4\u00df \u00a7 3Z2 RSV: S\u00e4mtliche Anspr\u00fcche sind bei sonstigem Anspruchverlsut nachweislich innerhalb von 8 Wochen ab Insolvenzeintritt bei der EUROP\u00c4ISCHEN Reiseversicherung AG, Kratochwjlestr. 4, 1220 Wien, Tel.: 01\/317 25 00, anzumelden.<\/p>\n<h3>Preise<\/h3>\n<p>Alle angef\u00fchrten Preise wurden bei einer Mindestteilnehmeranzahl\u00a0von 25 Personen nach dem Stand vom 30. November 2014 berechnet. Die Preise verstehen sich daher vorbehaltlich einer \u00c4nderung von Wechselkursen,\u00a0Treibstofferh\u00f6hungen und Steuern. Eintrittspreise wie z. B. in Museen, Kirchen\u00a0und Ausstellungen etc. sind im Pauschalpreis nicht inkludiert, sofern im\u00a0Leistungstext nicht anders vermerkt.<\/p>\n<h3>R\u00fccktritt des Veranstalters vor Antritt der Reise<\/h3>\n<p>Wird die Mindestteilnehmeranzahl nicht erreicht, so behalten wir uns\u00a0eine Aufzahlung bis zu 5 % vor. Sollte die Aufzahlung mehr als 5 %\u00a0betragen, kann die Buchung vom Kunden kostenlos storniert werden.\u00a0Der Veranstalter wird von der Vertragserf\u00fcllung befreit, wenn eine in\u00a0der Ausschreibung von vornherein bestimmter Mindestteilnehmerzahl\u00a0nicht erreicht wird und dem Kunden die Stornierung innerhalb der in\u00a0der Beschreibung der Reiseveranstaltung angegebenen oder\u00a0folgenden Fristen mitgeteilt wurde:<\/p>\n<p>&#8211; bis zum 20. Tag vor Reiseantritt bei Reisen von mehr als 6 Tagen<br \/>\n&#8211; bis zum 7. Tag vor Reiseantritt bei Reisen von 2 bis 6 Tagen<br \/>\n&#8211; bis 48 Stunden vor Reiseantritt bei Tagesfahrten<\/p>\n<h3>Reisedokumente<\/h3>\n<p>Auch bei Reisen innerhalb von EU-L\u00e4ndern\u00a0ist das Mitf\u00fchren eines Reisedokumentes\u00a0(Personalausweis, Reisepass) erforderlich: Jeder Teilnehmer ist f\u00fcr die Einhaltung der jeweiligen L\u00e4ndervorschriften (Zoll, Pass, Visa) selbst verantwortlich.<\/p>\n<h3>Anmeldungen<\/h3>\n<p>Die Anmeldung kann schriftlich oder\u00a0telefonisch erfolgen. Eine Buchung gilt nach Erhalt der Rechnung als verbindlich.<\/p>\n<h3>Zahlungen<\/h3>\n<p>Bei Tages- und Kulturfahrten ist der Gesamtbetrag nach\u00a0Erhalt der Rechnung f\u00e4llig. Bei Mehrtagesfahrten ersuchen wir um\u00a0Anzahlung von 20% nach Erhalt der Rechnung und um Restzahlung\u00a014 Tage vor Abreise.<\/p>\n<h3>Sitzpl\u00e4tze<\/h3>\n<p>Die Sitzpl\u00e4tze werden in der Reihenfolge der Reisebuchung\u00a0vergeben. Sonderw\u00fcnsche k\u00f6nnen daher nur im Rahmen der freien Pl\u00e4tze\u00a0zum Zeitpunkt der Anmeldung ber\u00fccksichtigt werden. Wenn Busse mit\u00a0abweichender Sitzordnung eingesetzt werden m\u00fcssen, sind wir berechtigt,\u00a0die bereits vergebenen Sitzplatznummern zu \u00e4ndern.<\/p>\n<h3>Reisegep\u00e4ck<\/h3>\n<p>Das Reisegep\u00e4ck wird bei allen Reisen kostenlos bef\u00f6rdert.\u00a0Der Reiseveranstalter haftet nicht f\u00fcr Besch\u00e4digungen, Verwechslungen\u00a0und Diebstahl. Es wird eine Reisegep\u00e4cksversicherung empfohlen.<\/p>\n<h3>Versicherung<\/h3>\n<p>Das Reiseb\u00fcro empfiehlt den Abschluss einer\u00a0Reiser\u00fccktritts- und einer Reisegep\u00e4cksversicherung, welche wir\u00a0gerne bei der Buchung f\u00fcr Sie abschlie\u00dfen.<\/p>\n<h3>Stornogeb\u00fchren<\/h3>\n<p>Bis 30. Tag vor Reiseantritt \u2013\u00a010 % des Reisepreises\/Person<br \/>\nAb 29. bis 21. Tag vor Reiseantritt \u2013\u00a030 % des Reisepreises\/Person<br \/>\nAb 20. bis 15. Tag vor Reiseantritt \u2013\u00a050 % des Reisepreises\/Person<br \/>\nAb 14. Bis 4. Tag vor Reiseantritt \u2013\u00a070 % des Reisepreises\/Person<br \/>\nAb dem 3. Tag (72 Stunden) vor Reiseantritt 85% des\u00a0Reisepreises\/Person<br \/>\nBei Nichterscheinen \u2013 100 % des Reisepreises<\/p>\n","protected":false},"excerpt":{"rendered":"<p>Link zu Europ\u00e4ische Reiseversicherung Reiseb\u00fcro Sicherungsverordnung RSV Kundengeldabsicherung gem\u00e4\u00df EU-Pauschalreiserechtlinie\u00a0vom 13. Juni 1990 (90\/314\/EWG, Artikel 7) im\u00a0\u00f6sterreichischen Recht gem\u00e4\u00df Reiseb\u00fcrosicherungsverordnung\u00a0BGBL. II Nr. 316\/1999 in der jeweils g\u00fcltigen Fassung umgesetzt. Veranstalter 1.) Genser\u00a0Reisen GmbH, Ringstrasse\u00a028, A-8344\u00a0Bad Gleichenberg, Eintragungsnr: 2013\u00a00022 im Veranstaltungsverzeichnis des Bundesministerium f\u00fcr Wirtschaft, Familie und Jugend. Gem\u00e4\u00df Reiseb\u00fcroversicherung (RSV) sind Kundengelder bei Pauschalreisen des <a class=\"read-more mod-post\" href=\"https:\/\/genser-reisen.at\/wp-genser\/reisebedingungen\/\">Mehr lesen<\/a> &rarr;<\/p>\n","protected":false},"author":1,"featured_media":0,"parent":0,"menu_order":0,"comment_status":"closed","ping_status":"closed","template":"","meta":{"footnotes":""},"class_list":["post-216","page","type-page","status-publish","hentry"],"_links":{"self":[{"href":"https:\/\/genser-reisen.at\/wp-genser\/wp-json\/wp\/v2\/pages\/216","targetHints":{"allow":["GET"]}}],"collection":[{"href":"https:\/\/genser-reisen.at\/wp-genser\/wp-json\/wp\/v2\/pages"}],"about":[{"href":"https:\/\/genser-reisen.at\/wp-genser\/wp-json\/wp\/v2\/types\/page"}],"author":[{"embeddable":true,"href":"https:\/\/genser-reisen.at\/wp-genser\/wp-json\/wp\/v2\/users\/1"}],"replies":[{"embeddable":true,"href":"https:\/\/genser-reisen.at\/wp-genser\/wp-json\/wp\/v2\/comments?post=216"}],"version-history":[{"count":8,"href":"https:\/\/genser-reisen.at\/wp-genser\/wp-json\/wp\/v2\/pages\/216\/revisions"}],"predecessor-version":[{"id":443,"href":"https:\/\/genser-reisen.at\/wp-genser\/wp-json\/wp\/v2\/pages\/216\/revisions\/443"}],"wp:attachment":[{"href":"https:\/\/genser-reisen.at\/wp-genser\/wp-json\/wp\/v2\/media?parent=216"}],"curies":[{"name":"wp","href":"https:\/\/api.w.org\/{rel}","templated":true}]}}